[INFO] fetching crate lovm2 0.4.8...
[INFO] building lovm2-0.4.8 against master#881c1ac408d93bb7adaa3a51dabab9266e82eee8 for issue-85264
[INFO] extracting crate lovm2 0.4.8 into /workspace/builds/worker-11/source
[INFO] validating manifest of crates.io crate lovm2 0.4.8 on toolchain 881c1ac408d93bb7adaa3a51dabab9266e82eee8
[INFO] running `Command { std: "/workspace/cargo-home/bin/cargo" "+881c1ac408d93bb7adaa3a51dabab9266e82eee8" "metadata" "--manifest-path" "Cargo.toml" "--no-deps", kill_on_drop: false }`
[INFO] started tweaking crates.io crate lovm2 0.4.8
[INFO] finished tweaking crates.io crate lovm2 0.4.8
[INFO] tweaked toml for crates.io crate lovm2 0.4.8 written to /workspace/builds/worker-11/source/Cargo.toml
[INFO] crate crates.io crate lovm2 0.4.8 already has a lockfile, it will not be regenerated
[INFO] running `Command { std: "/workspace/cargo-home/bin/cargo" "+881c1ac408d93bb7adaa3a51dabab9266e82eee8" "fetch" "--manifest-path" "Cargo.toml", kill_on_drop: false }`
[INFO] [stderr]  Downloading crates ...
[INFO] [stderr]   Downloaded rustc-demangle v0.1.18
[INFO] [stderr]   Downloaded thread_local v1.1.0
[INFO] [stderr]   Downloaded serde v1.0.119
[INFO] [stderr]   Downloaded dirs v3.0.1
[INFO] [stderr]   Downloaded openssl-sys v0.9.60
[INFO] [stderr]   Downloaded addr2line v0.14.1
[INFO] [stderr]   Downloaded backtrace v0.3.55
[INFO] [stderr]   Downloaded openssl-probe v0.1.2
[INFO] [stderr]   Downloaded curl v0.4.34
[INFO] [stderr]   Downloaded adler v0.2.3
[INFO] [stderr]   Downloaded bincode v1.3.1
[INFO] [stderr]   Downloaded libz-sys v1.1.2
[INFO] [stderr]   Downloaded miniz_oxide v0.4.3
[INFO] [stderr]   Downloaded openssl v0.10.32
[INFO] [stderr]   Downloaded lovm2_std v0.4.8
[INFO] [stderr]   Downloaded serde_derive v1.0.119
[INFO] [stderr]   Downloaded vcpkg v0.2.11
[INFO] [stderr]   Downloaded curl-sys v0.4.39+curl-7.74.0
[INFO] [stderr]   Downloaded syn v1.0.58
[INFO] [stderr]   Downloaded object v0.22.0
[INFO] [stderr]   Downloaded gimli v0.23.0
[INFO] running `Command { std: "docker" "create" "-v" "/var/lib/crater-agent-workspace/builds/worker-11/target:/opt/rustwide/target:rw,Z" "-v" "/var/lib/crater-agent-workspace/builds/worker-11/source:/opt/rustwide/workdir:ro,Z" "-v" "/var/lib/crater-agent-workspace/cargo-home:/opt/rustwide/cargo-home:ro,Z" "-v" "/var/lib/crater-agent-workspace/rustup-home:/opt/rustwide/rustup-home:ro,Z" "-e" "SOURCE_DIR=/opt/rustwide/workdir" "-e" "CARGO_TARGET_DIR=/opt/rustwide/target" "-e" "CARGO_HOME=/opt/rustwide/cargo-home" "-e" "RUSTUP_HOME=/opt/rustwide/rustup-home" "-w" "/opt/rustwide/workdir" "-m" "1610612736" "--user" "0:0" "--network" "none" "ghcr.io/rust-lang/crates-build-env/linux@sha256:20528e8c29e4536546f0102ce88568b16ea7538393a33fcca951030f7af10457" "/opt/rustwide/cargo-home/bin/cargo" "+881c1ac408d93bb7adaa3a51dabab9266e82eee8" "metadata" "--no-deps" "--format-version=1", kill_on_drop: false }`
[INFO] [stdout] 7ccc57c83db0630666e96ae071730e0b9d9cdb6b689e7f9be340ad551b3a74d5
[INFO] [stderr] WARNING: Your kernel does not support swap limit capabilities or the cgroup is not mounted. Memory limited without swap.
[INFO] running `Command { std: "docker" "start" "-a" "7ccc57c83db0630666e96ae071730e0b9d9cdb6b689e7f9be340ad551b3a74d5", kill_on_drop: false }`
[INFO] running `Command { std: "docker" "inspect" "7ccc57c83db0630666e96ae071730e0b9d9cdb6b689e7f9be340ad551b3a74d5", kill_on_drop: false }`
[INFO] running `Command { std: "docker" "rm" "-f" "7ccc57c83db0630666e96ae071730e0b9d9cdb6b689e7f9be340ad551b3a74d5", kill_on_drop: false }`
[INFO] [stdout] 7ccc57c83db0630666e96ae071730e0b9d9cdb6b689e7f9be340ad551b3a74d5
[INFO] running `Command { std: "docker" "create" "-v" "/var/lib/crater-agent-workspace/builds/worker-11/target:/opt/rustwide/target:rw,Z" "-v" "/var/lib/crater-agent-workspace/builds/worker-11/source:/opt/rustwide/workdir:ro,Z" "-v" "/var/lib/crater-agent-workspace/cargo-home:/opt/rustwide/cargo-home:ro,Z" "-v" "/var/lib/crater-agent-workspace/rustup-home:/opt/rustwide/rustup-home:ro,Z" "-e" "SOURCE_DIR=/opt/rustwide/workdir" "-e" "CARGO_TARGET_DIR=/opt/rustwide/target" "-e" "CARGO_INCREMENTAL=0" "-e" "RUST_BACKTRACE=full" "-e" "RUSTFLAGS=--cap-lints=forbid" "-e" "CARGO_HOME=/opt/rustwide/cargo-home" "-e" "RUSTUP_HOME=/opt/rustwide/rustup-home" "-w" "/opt/rustwide/workdir" "-m" "1610612736" "--user" "0:0" "--network" "none" "ghcr.io/rust-lang/crates-build-env/linux@sha256:20528e8c29e4536546f0102ce88568b16ea7538393a33fcca951030f7af10457" "/opt/rustwide/cargo-home/bin/cargo" "+881c1ac408d93bb7adaa3a51dabab9266e82eee8" "build" "--frozen" "--message-format=json", kill_on_drop: false }`
[INFO] [stdout] 58be9ad01ea00ffb8d7d386ab1ba17e7590c5dc10456c2c2ddce19e5a3d62347
[INFO] [stderr] WARNING: Your kernel does not support swap limit capabilities or the cgroup is not mounted. Memory limited without swap.
[INFO] running `Command { std: "docker" "start" "-a" "58be9ad01ea00ffb8d7d386ab1ba17e7590c5dc10456c2c2ddce19e5a3d62347", kill_on_drop: false }`
[INFO] [stderr]    Compiling cc v1.0.66
[INFO] [stderr]    Compiling serde_derive v1.0.119
[INFO] [stderr]    Compiling lazy_static v1.4.0
[INFO] [stderr]    Compiling serde v1.0.119
[INFO] [stderr]    Compiling log v0.4.13
[INFO] [stderr]    Compiling foreign-types-shared v0.1.1
[INFO] [stderr]    Compiling curl v0.4.34
[INFO] [stderr]    Compiling byteorder v1.4.2
[INFO] [stderr]    Compiling cfg-if v0.1.10
[INFO] [stderr]    Compiling ascii v1.0.0
[INFO] [stderr]    Compiling openssl-probe v0.1.2
[INFO] [stderr]    Compiling chunked_transfer v1.3.0
[INFO] [stderr]    Compiling miniz_oxide v0.4.3
[INFO] [stderr]    Compiling indexmap v1.6.1
[INFO] [stderr]    Compiling tinyvec v1.1.0
[INFO] [stderr]    Compiling unicode-bidi v0.3.4
[INFO] [stderr]    Compiling libloading v0.6.7
[INFO] [stderr]    Compiling form_urlencoded v1.0.0
[INFO] [stderr]    Compiling foreign-types v0.3.2
[INFO] [stderr]    Compiling thread_local v1.1.0
[INFO] [stderr]    Compiling dirs-sys v0.3.5
[INFO] [stderr]    Compiling socket2 v0.3.19
[INFO] [stderr]    Compiling syn v1.0.58
[INFO] [stderr]    Compiling chrono v0.4.19
[INFO] [stderr]    Compiling dirs v3.0.1
[INFO] [stderr]    Compiling regex v1.4.3
[INFO] [stderr]    Compiling openssl-sys v0.9.60
[INFO] [stderr]    Compiling libz-sys v1.1.2
[INFO] [stderr]    Compiling curl-sys v0.4.39+curl-7.74.0
[INFO] [stderr]    Compiling backtrace v0.3.55
[INFO] [stderr]    Compiling unicode-normalization v0.1.16
[INFO] [stderr]    Compiling openssl v0.10.32
[INFO] [stderr]    Compiling idna v0.2.0
[INFO] [stderr]    Compiling url v2.2.0
[INFO] [stderr]    Compiling tiny_http v0.7.0
[INFO] [stderr]    Compiling lovm2_module v0.1.0
[INFO] [stderr]    Compiling bincode v1.3.1
[INFO] [stderr]    Compiling lovm2_core v0.4.8
[INFO] [stderr]    Compiling lovm2_std v0.4.8
[INFO] [stderr]    Compiling lovm2 v0.4.8 (/opt/rustwide/workdir)
[INFO] [stderr]     Finished dev [unoptimized + debuginfo] target(s) in 1m 43s
[INFO] running `Command { std: "docker" "inspect" "58be9ad01ea00ffb8d7d386ab1ba17e7590c5dc10456c2c2ddce19e5a3d62347", kill_on_drop: false }`
[INFO] running `Command { std: "docker" "rm" "-f" "58be9ad01ea00ffb8d7d386ab1ba17e7590c5dc10456c2c2ddce19e5a3d62347", kill_on_drop: false }`
[INFO] [stdout] 58be9ad01ea00ffb8d7d386ab1ba17e7590c5dc10456c2c2ddce19e5a3d62347
[INFO] running `Command { std: "docker" "create" "-v" "/var/lib/crater-agent-workspace/builds/worker-11/target:/opt/rustwide/target:rw,Z" "-v" "/var/lib/crater-agent-workspace/builds/worker-11/source:/opt/rustwide/workdir:ro,Z" "-v" "/var/lib/crater-agent-workspace/cargo-home:/opt/rustwide/cargo-home:ro,Z" "-v" "/var/lib/crater-agent-workspace/rustup-home:/opt/rustwide/rustup-home:ro,Z" "-e" "SOURCE_DIR=/opt/rustwide/workdir" "-e" "CARGO_TARGET_DIR=/opt/rustwide/target" "-e" "CARGO_INCREMENTAL=0" "-e" "RUST_BACKTRACE=full" "-e" "RUSTFLAGS=--cap-lints=forbid" "-e" "CARGO_HOME=/opt/rustwide/cargo-home" "-e" "RUSTUP_HOME=/opt/rustwide/rustup-home" "-w" "/opt/rustwide/workdir" "-m" "1610612736" "--user" "0:0" "--network" "none" "ghcr.io/rust-lang/crates-build-env/linux@sha256:20528e8c29e4536546f0102ce88568b16ea7538393a33fcca951030f7af10457" "/opt/rustwide/cargo-home/bin/cargo" "+881c1ac408d93bb7adaa3a51dabab9266e82eee8" "test" "--frozen" "--no-run" "--message-format=json", kill_on_drop: false }`
[INFO] [stderr] WARNING: Your kernel does not support swap limit capabilities or the cgroup is not mounted. Memory limited without swap.
[INFO] [stdout] 1ec17a78076d81af2d0312a61372436f952d88af1f8744b78ca5ef259a476613
[INFO] running `Command { std: "docker" "start" "-a" "1ec17a78076d81af2d0312a61372436f952d88af1f8744b78ca5ef259a476613", kill_on_drop: false }`
[INFO] [stderr]     Blocking waiting for file lock on package cache
[INFO] [stderr]    Compiling lovm2 v0.4.8 (/opt/rustwide/workdir)
[INFO] [stdout] error[E0432]: unresolved import `test_utils`
[INFO] [stdout]  --> tests/context.rs:4:5
[INFO] [stdout]   |
[INFO] [stdout] 4 | use test_utils::*;
[INFO] [stdout]   |     ^^^^^^^^^^ use of undeclared crate or module `test_utils`
[INFO] [stdout] 
[INFO] [stdout] 
[INFO] [stdout] error[E0425]: cannot find function `run_module_test` in this scope
[INFO] [stdout]   --> tests/context.rs:23:13
[INFO] [stdout]    |
[INFO] [stdout] 23 |     assert!(run_module_test(vm, module, |_ctx| ()).is_err());
[INFO] [stdout]    |             ^^^^^^^^^^^^^^^ not found in this scope
[INFO] [stdout] 
[INFO] [stdout] 
[INFO] [stdout] error[E0425]: cannot find function `run_module_test` in this scope
[INFO] [stdout]   --> tests/context.rs:46:5
[INFO] [stdout]    |
[INFO] [stdout] 46 |     run_module_test(vm, module, |_ctx| ()).unwrap();
[INFO] [stdout]    |     ^^^^^^^^^^^^^^^ not found in this scope
[INFO] [stdout] 
[INFO] [stdout] 
[INFO] [stdout] error: aborting due to 3 previous errors
[INFO] [stdout] 
[INFO] [stdout] 
[INFO] [stdout] Some errors have detailed explanations: E0425, E0432.
[INFO] [stdout] 
[INFO] [stdout] For more information about an error, try `rustc --explain E0425`.
[INFO] [stdout] 
[INFO] [stderr] error: could not compile `lovm2`
[INFO] [stdout] error[E0432]: unresolved import `test_utils`
[INFO] [stdout]  --> tests/hir.rs:7:5
[INFO] [stdout]   |
[INFO] [stdout] 7 | use test_utils::*;
[INFO] [stdout]   |     ^^^^^^^^^^ use of undeclared crate or module `test_utils`
[INFO] [stdout] 
[INFO] [stdout] 
[INFO] [stderr] 
[INFO] [stderr] To learn more, run the command again with --verbose.
[INFO] [stderr] warning: build failed, waiting for other jobs to finish...
[INFO] [stdout] error[E0432]: unresolved import `test_utils`
[INFO] [stdout]  --> tests/context.rs:4:5
[INFO] [stdout]   |
[INFO] [stdout] 4 | use test_utils::*;
[INFO] [stdout]   |     ^^^^^^^^^^ use of undeclared crate or module `test_utils`
[INFO] [stdout] 
[INFO] [stdout] 
[INFO] [stdout] error[E0432]: unresolved import `test_utils`
[INFO] [stdout]  --> tests/hir.rs:7:5
[INFO] [stdout]   |
[INFO] [stdout] 7 | use test_utils::*;
[INFO] [stdout]   |     ^^^^^^^^^^ use of undeclared crate or module `test_utils`
[INFO] [stdout] 
[INFO] [stdout] 
[INFO] [stdout] error[E0432]: unresolved import `test_utils`
[INFO] [stdout]  --> tests/vm.rs:1:5
[INFO] [stdout]   |
[INFO] [stdout] 1 | use test_utils::*;
[INFO] [stdout]   |     ^^^^^^^^^^ use of undeclared crate or module `test_utils`
[INFO] [stdout] 
[INFO] [stdout] 
[INFO] [stdout] error[E0432]: unresolved import `test_utils`
[INFO] [stdout]  --> tests/vm.rs:1:5
[INFO] [stdout]   |
[INFO] [stdout] 1 | use test_utils::*;
[INFO] [stdout]   |     ^^^^^^^^^^ use of undeclared crate or module `test_utils`
[INFO] [stdout] 
[INFO] [stdout] 
[INFO] [stdout] error[E0425]: cannot find function `run_module_test` in this scope
[INFO] [stdout]   --> tests/vm.rs:20:13
[INFO] [stdout]    |
[INFO] [stdout] 20 |     assert!(run_module_test(vm, module, |_| ()).is_err());
[INFO] [stdout]    |             ^^^^^^^^^^^^^^^ not found in this scope
[INFO] [stdout] 
[INFO] [stdout] 
[INFO] [stdout] error[E0425]: cannot find function `run_module_test` in this scope
[INFO] [stdout]   --> tests/vm.rs:46:5
[INFO] [stdout]    |
[INFO] [stdout] 46 |     run_module_test(vm, module, |ctx| {
[INFO] [stdout]    |     ^^^^^^^^^^^^^^^ not found in this scope
[INFO] [stdout] 
[INFO] [stdout] 
[INFO] [stdout] error[E0425]: cannot find function `run_module_test` in this scope
[INFO] [stdout]   --> tests/vm.rs:76:5
[INFO] [stdout]    |
[INFO] [stdout] 76 |     run_module_test(vm, module, |ctx| {
[INFO] [stdout]    |     ^^^^^^^^^^^^^^^ not found in this scope
[INFO] [stdout] 
[INFO] [stdout] 
[INFO] [stdout] error[E0425]: cannot find function `run_module_test` in this scope
[INFO] [stdout]    --> tests/vm.rs:115:5
[INFO] [stdout]     |
[INFO] [stdout] 115 |     run_module_test(vm, module, |ctx| {
[INFO] [stdout]     |     ^^^^^^^^^^^^^^^ not found in this scope
[INFO] [stdout] 
[INFO] [stdout] 
[INFO] [stdout] error[E0425]: cannot find function `run_module_test` in this scope
[INFO] [stdout]   --> tests/hir.rs:25:9
[INFO] [stdout]    |
[INFO] [stdout] 25 |           run_module_test(create_vm_with_std(), builder.build().unwrap(), $ensure).unwrap();
[INFO] [stdout]    |           ^^^^^^^^^^^^^^^ not found in this scope
[INFO] [stdout] ...
[INFO] [stdout] 32 | /     define_test! {
[INFO] [stdout] 33 | |         main {
[INFO] [stdout] 34 | |             Assign::local(&n, 4);
[INFO] [stdout] 35 | |         }
[INFO] [stdout] ...  |
[INFO] [stdout] 40 | |         })
[INFO] [stdout] 41 | |     }
[INFO] [stdout]    | |_____- in this macro invocation
[INFO] [stdout]    |
[INFO] [stdout]    = note: this error originates in a macro (in Nightly builds, run with -Z macro-backtrace for more info)
[INFO] [stdout] 
[INFO] [stdout] 
[INFO] [stdout] error[E0425]: cannot find function `run_module_test` in this scope
[INFO] [stdout]   --> tests/hir.rs:25:9
[INFO] [stdout]    |
[INFO] [stdout] 25 |           run_module_test(create_vm_with_std(), builder.build().unwrap(), $ensure).unwrap();
[INFO] [stdout]    |           ^^^^^^^^^^^^^^^ not found in this scope
[INFO] [stdout] ...
[INFO] [stdout] 47 | /     define_test! {
[INFO] [stdout] 48 | |         main {
[INFO] [stdout] 49 | |             Assign::local(n, 2);
[INFO] [stdout] 50 | |             Assign::local(n, Expr::add(n, 2));
[INFO] [stdout] ...  |
[INFO] [stdout] 56 | |         })
[INFO] [stdout] 57 | |     }
[INFO] [stdout]    | |_____- in this macro invocation
[INFO] [stdout]    |
[INFO] [stdout]    = note: this error originates in a macro (in Nightly builds, run with -Z macro-backtrace for more info)
[INFO] [stdout] 
[INFO] [stdout] 
[INFO] [stdout] error[E0425]: cannot find function `run_module_test` in this scope
[INFO] [stdout]   --> tests/hir.rs:25:9
[INFO] [stdout]    |
[INFO] [stdout] 25 |           run_module_test(create_vm_with_std(), builder.build().unwrap(), $ensure).unwrap();
[INFO] [stdout]    |           ^^^^^^^^^^^^^^^ not found in this scope
[INFO] [stdout] ...
[INFO] [stdout] 63 | /     define_test! {
[INFO] [stdout] 64 | |         main {
[INFO] [stdout] 65 | |             Assign::local(a, 0);
[INFO] [stdout] 66 | |             Assign::global(b, 1);
[INFO] [stdout] ...  |
[INFO] [stdout] 76 | |         })
[INFO] [stdout] 77 | |     }
[INFO] [stdout]    | |_____- in this macro invocation
[INFO] [stdout]    |
[INFO] [stdout]    = note: this error originates in a macro (in Nightly builds, run with -Z macro-backtrace for more info)
[INFO] [stdout] 
[INFO] [stdout] 
[INFO] [stdout] error[E0425]: cannot find function `run_module_test` in this scope
[INFO] [stdout]   --> tests/hir.rs:25:9
[INFO] [stdout]    |
[INFO] [stdout] 25 |           run_module_test(create_vm_with_std(), builder.build().unwrap(), $ensure).unwrap();
[INFO] [stdout]    |           ^^^^^^^^^^^^^^^ not found in this scope
[INFO] [stdout] ...
[INFO] [stdout] 83 | /     define_test! {
[INFO] [stdout] 84 | |         main {
[INFO] [stdout] 85 | |             Assign::local(rest, Expr::rem(1, 2));
[INFO] [stdout] 86 | |         }
[INFO] [stdout] ...  |
[INFO] [stdout] 91 | |         })
[INFO] [stdout] 92 | |     }
[INFO] [stdout]    | |_____- in this macro invocation
[INFO] [stdout]    |
[INFO] [stdout]    = note: this error originates in a macro (in Nightly builds, run with -Z macro-backtrace for more info)
[INFO] [stdout] 
[INFO] [stdout] 
[INFO] [stdout] error[E0425]: cannot find function `run_module_test` in this scope
[INFO] [stdout]    --> tests/hir.rs:25:9
[INFO] [stdout]     |
[INFO] [stdout] 25  |           run_module_test(create_vm_with_std(), builder.build().unwrap(), $ensure).unwrap();
[INFO] [stdout]     |           ^^^^^^^^^^^^^^^ not found in this scope
[INFO] [stdout] ...
[INFO] [stdout] 98  | /     define_test! {
[INFO] [stdout] 99  | |         main {
[INFO] [stdout] 100 | |             Assign::local(&n, 0);
[INFO] [stdout] 101 | |             Repeat::until(Expr::eq(&n, 10))
[INFO] [stdout] ...   |
[INFO] [stdout] 109 | |         })
[INFO] [stdout] 110 | |     }
[INFO] [stdout]     | |_____- in this macro invocation
[INFO] [stdout]     |
[INFO] [stdout]     = note: this error originates in a macro (in Nightly builds, run with -Z macro-backtrace for more info)
[INFO] [stdout] 
[INFO] [stdout] 
[INFO] [stdout] error[E0425]: cannot find function `run_module_test` in this scope
[INFO] [stdout]    --> tests/hir.rs:25:9
[INFO] [stdout]     |
[INFO] [stdout] 25  |           run_module_test(create_vm_with_std(), builder.build().unwrap(), $ensure).unwrap();
[INFO] [stdout]     |           ^^^^^^^^^^^^^^^ not found in this scope
[INFO] [stdout] ...
[INFO] [stdout] 116 | /     define_test! {
[INFO] [stdout] 117 | |         main {
[INFO] [stdout] 118 | |             Assign::local(&n, 0);
[INFO] [stdout] 119 | |             Repeat::endless()
[INFO] [stdout] ...   |
[INFO] [stdout] 127 | |         })
[INFO] [stdout] 128 | |     }
[INFO] [stdout]     | |_____- in this macro invocation
[INFO] [stdout]     |
[INFO] [stdout]     = note: this error originates in a macro (in Nightly builds, run with -Z macro-backtrace for more info)
[INFO] [stdout] 
[INFO] [stdout] 
[INFO] [stdout] error[E0425]: cannot find function `run_module_test` in this scope
[INFO] [stdout]    --> tests/hir.rs:25:9
[INFO] [stdout]     |
[INFO] [stdout] 25  |           run_module_test(create_vm_with_std(), builder.build().unwrap(), $ensure).unwrap();
[INFO] [stdout]     |           ^^^^^^^^^^^^^^^ not found in this scope
[INFO] [stdout] ...
[INFO] [stdout] 134 | /     define_test! {
[INFO] [stdout] 135 | |         main {
[INFO] [stdout] 136 | |             Assign::local(&dict, lv2_dict!(0 => 6, 1 => 7));
[INFO] [stdout] 137 | |             Assign::local(&dat0, lv2_access!(dict, 1));
[INFO] [stdout] ...   |
[INFO] [stdout] 146 | |         })
[INFO] [stdout] 147 | |     }
[INFO] [stdout]     | |_____- in this macro invocation
[INFO] [stdout]     |
[INFO] [stdout]     = note: this error originates in a macro (in Nightly builds, run with -Z macro-backtrace for more info)
[INFO] [stdout] 
[INFO] [stdout] 
[INFO] [stdout] error[E0425]: cannot find function `run_module_test` in this scope
[INFO] [stdout]    --> tests/hir.rs:25:9
[INFO] [stdout]     |
[INFO] [stdout] 25  |           run_module_test(create_vm_with_std(), builder.build().unwrap(), $ensure).unwrap();
[INFO] [stdout]     |           ^^^^^^^^^^^^^^^ not found in this scope
[INFO] [stdout] ...
[INFO] [stdout] 153 | /     define_test! {
[INFO] [stdout] 154 | |         main {
[INFO] [stdout] 155 | |             Assign::local(&list, lv2_list!("a", 10, 20., true));
[INFO] [stdout] 156 | |             Assign::set(&lv2_access!(list, 1), 7);
[INFO] [stdout] ...   |
[INFO] [stdout] 163 | |         })
[INFO] [stdout] 164 | |     }
[INFO] [stdout]     | |_____- in this macro invocation
[INFO] [stdout]     |
[INFO] [stdout]     = note: this error originates in a macro (in Nightly builds, run with -Z macro-backtrace for more info)
[INFO] [stdout] 
[INFO] [stdout] 
[INFO] [stdout] error[E0425]: cannot find function `run_module_test` in this scope
[INFO] [stdout]    --> tests/hir.rs:25:9
[INFO] [stdout]     |
[INFO] [stdout] 25  |           run_module_test(create_vm_with_std(), builder.build().unwrap(), $ensure).unwrap();
[INFO] [stdout]     |           ^^^^^^^^^^^^^^^ not found in this scope
[INFO] [stdout] ...
[INFO] [stdout] 170 | /     define_test! {
[INFO] [stdout] 171 | |         main {
[INFO] [stdout] 172 | |             Assign::local(&dict, lv2_dict!(0 => 6, 1 => 7));
[INFO] [stdout] 173 | |             Assign::local(&ls, lv2_list!(1, 2, 3));
[INFO] [stdout] ...   |
[INFO] [stdout] 182 | |         })
[INFO] [stdout] 183 | |     }
[INFO] [stdout]     | |_____- in this macro invocation
[INFO] [stdout]     |
[INFO] [stdout]     = note: this error originates in a macro (in Nightly builds, run with -Z macro-backtrace for more info)
[INFO] [stdout] 
[INFO] [stdout] 
[INFO] [stdout] error[E0425]: cannot find function `run_module_test` in this scope
[INFO] [stdout]    --> tests/hir.rs:25:9
[INFO] [stdout]     |
[INFO] [stdout] 25  |           run_module_test(create_vm_with_std(), builder.build().unwrap(), $ensure).unwrap();
[INFO] [stdout]     |           ^^^^^^^^^^^^^^^ not found in this scope
[INFO] [stdout] ...
[INFO] [stdout] 189 | /     define_test! {
[INFO] [stdout] 190 | |         main {
[INFO] [stdout] 191 | |             Assign::local(&n, Conv::to_integer(5.));
[INFO] [stdout] 192 | |         }
[INFO] [stdout] ...   |
[INFO] [stdout] 197 | |         })
[INFO] [stdout] 198 | |     }
[INFO] [stdout]     | |_____- in this macro invocation
[INFO] [stdout]     |
[INFO] [stdout]     = note: this error originates in a macro (in Nightly builds, run with -Z macro-backtrace for more info)
[INFO] [stdout] 
[INFO] [stdout] 
[INFO] [stdout] error[E0425]: cannot find function `run_module_test` in this scope
[INFO] [stdout]    --> tests/hir.rs:219:5
[INFO] [stdout]     |
[INFO] [stdout] 219 |     run_module_test(create_vm_with_std(), builder.build().unwrap(), move |ctx| {
[INFO] [stdout]     |     ^^^^^^^^^^^^^^^ not found in this scope
[INFO] [stdout] 
[INFO] [stdout] 
[INFO] [stdout] error[E0425]: cannot find function `run_module_test` in this scope
[INFO] [stdout]    --> tests/hir.rs:247:5
[INFO] [stdout]     |
[INFO] [stdout] 247 |     run_module_test(create_vm_with_std(), builder.build().unwrap(), |ctx| {
[INFO] [stdout]     |     ^^^^^^^^^^^^^^^ not found in this scope
[INFO] [stdout] 
[INFO] [stdout] 
[INFO] [stdout] error[E0425]: cannot find function `run_module_test` in this scope
[INFO] [stdout]    --> tests/hir.rs:265:5
[INFO] [stdout]     |
[INFO] [stdout] 265 |     run_module_test(create_vm_with_std(), builder.build().unwrap(), move |ctx| {
[INFO] [stdout]     |     ^^^^^^^^^^^^^^^ not found in this scope
[INFO] [stdout] 
[INFO] [stdout] 
[INFO] [stdout] error[E0425]: cannot find function `run_module_test` in this scope
[INFO] [stdout]    --> tests/hir.rs:300:5
[INFO] [stdout]     |
[INFO] [stdout] 300 |     run_module_test(create_vm_with_std(), builder.build().unwrap(), move |ctx| {
[INFO] [stdout]     |     ^^^^^^^^^^^^^^^ not found in this scope
[INFO] [stdout] 
[INFO] [stdout] 
[INFO] [stdout] error[E0425]: cannot find function `run_module_test` in this scope
[INFO] [stdout]    --> tests/hir.rs:318:5
[INFO] [stdout]     |
[INFO] [stdout] 318 |     run_module_test(create_vm_with_std(), builder.build().unwrap(), |ctx| {
[INFO] [stdout]     |     ^^^^^^^^^^^^^^^ not found in this scope
[INFO] [stdout] 
[INFO] [stdout] 
[INFO] [stdout] error[E0425]: cannot find function `run_module_test` in this scope
[INFO] [stdout]    --> tests/hir.rs:336:5
[INFO] [stdout]     |
[INFO] [stdout] 336 |     run_module_test(create_vm_with_std(), builder.build().unwrap(), move |ctx| {
[INFO] [stdout]     |     ^^^^^^^^^^^^^^^ not found in this scope
[INFO] [stdout] 
[INFO] [stdout] 
[INFO] [stdout] error[E0425]: cannot find function `run_module_test` in this scope
[INFO] [stdout]    --> tests/hir.rs:363:5
[INFO] [stdout]     |
[INFO] [stdout] 363 |     run_module_test(create_vm_with_std(), builder.build().unwrap(), move |ctx| {
[INFO] [stdout]     |     ^^^^^^^^^^^^^^^ not found in this scope
[INFO] [stdout] 
[INFO] [stdout] 
[INFO] [stdout] error[E0425]: cannot find function `run_module_test` in this scope
[INFO] [stdout]    --> tests/hir.rs:25:9
[INFO] [stdout]     |
[INFO] [stdout] 25  |           run_module_test(create_vm_with_std(), builder.build().unwrap(), $ensure).unwrap();
[INFO] [stdout]     |           ^^^^^^^^^^^^^^^ not found in this scope
[INFO] [stdout] ...
[INFO] [stdout] 375 | /     define_test! {
[INFO] [stdout] 376 | |         main {
[INFO] [stdout] 377 | |             Assign::local(&d1, lv2_dict!("x" => 37));
[INFO] [stdout] 378 | |             Assign::local(&d2, lv2_dict!("x" => lv2_dict!("y" => 42)));
[INFO] [stdout] ...   |
[INFO] [stdout] 390 | |         })
[INFO] [stdout] 391 | |     }
[INFO] [stdout]     | |_____- in this macro invocation
[INFO] [stdout]     |
[INFO] [stdout]     = note: this error originates in a macro (in Nightly builds, run with -Z macro-backtrace for more info)
[INFO] [stdout] 
[INFO] [stdout] 
[INFO] [stdout] error[E0425]: cannot find function `run_module_test` in this scope
[INFO] [stdout]    --> tests/hir.rs:25:9
[INFO] [stdout]     |
[INFO] [stdout] 25  |           run_module_test(create_vm_with_std(), builder.build().unwrap(), $ensure).unwrap();
[INFO] [stdout]     |           ^^^^^^^^^^^^^^^ not found in this scope
[INFO] [stdout] ...
[INFO] [stdout] 397 | /     define_test! {
[INFO] [stdout] 398 | |         main {
[INFO] [stdout] 399 | |             Assign::local(&d1, lv2_dict!());
[INFO] [stdout] 400 | |             Assign::local(&d2, lv2_dict!("x" => lv2_dict!()));
[INFO] [stdout] ...   |
[INFO] [stdout] 430 | |         })
[INFO] [stdout] 431 | |     }
[INFO] [stdout]     | |_____- in this macro invocation
[INFO] [stdout]     |
[INFO] [stdout]     = note: this error originates in a macro (in Nightly builds, run with -Z macro-backtrace for more info)
[INFO] [stdout] 
[INFO] [stdout] 
[INFO] [stdout] error[E0425]: cannot find function `run_module_test` in this scope
[INFO] [stdout]    --> tests/hir.rs:454:5
[INFO] [stdout]     |
[INFO] [stdout] 454 |     run_module_test(create_vm_with_std(), module, |ctx| {
[INFO] [stdout]     |     ^^^^^^^^^^^^^^^ not found in this scope
[INFO] [stdout] 
[INFO] [stdout] 
[INFO] [stdout] error[E0425]: cannot find function `run_module_test` in this scope
[INFO] [stdout]    --> tests/hir.rs:25:9
[INFO] [stdout]     |
[INFO] [stdout] 25  |           run_module_test(create_vm_with_std(), builder.build().unwrap(), $ensure).unwrap();
[INFO] [stdout]     |           ^^^^^^^^^^^^^^^ not found in this scope
[INFO] [stdout] ...
[INFO] [stdout] 464 | /     define_test! {
[INFO] [stdout] 465 | |         main {
[INFO] [stdout] 466 | |             Assign::local(&lt, Expr::lt(2, 3));
[INFO] [stdout] 467 | |             Assign::local(&le1, Expr::le(2, 3));
[INFO] [stdout] ...   |
[INFO] [stdout] 482 | |         })
[INFO] [stdout] 483 | |     }
[INFO] [stdout]     | |_____- in this macro invocation
[INFO] [stdout]     |
[INFO] [stdout]     = note: this error originates in a macro (in Nightly builds, run with -Z macro-backtrace for more info)
[INFO] [stdout] 
[INFO] [stdout] 
[INFO] [stdout] error[E0425]: cannot find function `run_module_test` in this scope
[INFO] [stdout]    --> tests/hir.rs:25:9
[INFO] [stdout]     |
[INFO] [stdout] 25  |           run_module_test(create_vm_with_std(), builder.build().unwrap(), $ensure).unwrap();
[INFO] [stdout]     |           ^^^^^^^^^^^^^^^ not found in this scope
[INFO] [stdout] ...
[INFO] [stdout] 489 | /     define_test! {
[INFO] [stdout] 490 | |         main {
[INFO] [stdout] 491 | |             Assign::local(&a, Expr::pow(2, 3));
[INFO] [stdout] 492 | |             Assign::local(&b, Expr::pow(3., 3.));
[INFO] [stdout] ...   |
[INFO] [stdout] 499 | |         })
[INFO] [stdout] 500 | |     }
[INFO] [stdout]     | |_____- in this macro invocation
[INFO] [stdout]     |
[INFO] [stdout]     = note: this error originates in a macro (in Nightly builds, run with -Z macro-backtrace for more info)
[INFO] [stdout] 
[INFO] [stdout] 
[INFO] [stdout] error[E0425]: cannot find function `run_module_test` in this scope
[INFO] [stdout]    --> tests/hir.rs:25:9
[INFO] [stdout]     |
[INFO] [stdout] 25  |           run_module_test(create_vm_with_std(), builder.build().unwrap(), $ensure).unwrap();
[INFO] [stdout]     |           ^^^^^^^^^^^^^^^ not found in this scope
[INFO] [stdout] ...
[INFO] [stdout] 506 | /     define_test! {
[INFO] [stdout] 507 | |         main {
[INFO] [stdout] 508 | |             Assign::local(&n, 2);
[INFO] [stdout] 509 | |             Assign::local(&ae, lv2_list!(1, 2, 3));
[INFO] [stdout] ...   |
[INFO] [stdout] 523 | |         })
[INFO] [stdout] 524 | |     }
[INFO] [stdout]     | |_____- in this macro invocation
[INFO] [stdout]     |
[INFO] [stdout]     = note: this error originates in a macro (in Nightly builds, run with -Z macro-backtrace for more info)
[INFO] [stdout] 
[INFO] [stdout] 
[INFO] [stdout] error[E0425]: cannot find function `run_module_test` in this scope
[INFO] [stdout]    --> tests/hir.rs:25:9
[INFO] [stdout]     |
[INFO] [stdout] 25  |           run_module_test(create_vm_with_std(), builder.build().unwrap(), $ensure).unwrap();
[INFO] [stdout]     |           ^^^^^^^^^^^^^^^ not found in this scope
[INFO] [stdout] ...
[INFO] [stdout] 530 | /     define_test! {
[INFO] [stdout] 531 | |         main {
[INFO] [stdout] 532 | |             Assign::local(&n, 2);
[INFO] [stdout] 533 | |             Assign::local(&x, Expr::from(5).boxed());
[INFO] [stdout] ...   |
[INFO] [stdout] 542 | |         })
[INFO] [stdout] 543 | |     }
[INFO] [stdout]     | |_____- in this macro invocation
[INFO] [stdout]     |
[INFO] [stdout]     = note: this error originates in a macro (in Nightly builds, run with -Z macro-backtrace for more info)
[INFO] [stdout] 
[INFO] [stdout] 
[INFO] [stdout] error[E0425]: cannot find function `run_module_test` in this scope
[INFO] [stdout]    --> tests/hir.rs:25:9
[INFO] [stdout]     |
[INFO] [stdout] 25  |           run_module_test(create_vm_with_std(), builder.build().unwrap(), $ensure).unwrap();
[INFO] [stdout]     |           ^^^^^^^^^^^^^^^ not found in this scope
[INFO] [stdout] ...
[INFO] [stdout] 549 | /     define_test! {
[INFO] [stdout] 550 | |         main {
[INFO] [stdout] 551 | |             Assign::local(&ls, lv2_list!(1, 2, 3, 4, 5));
[INFO] [stdout] 552 | |             Assign::local(&s, Slice::new(&ls).start(1).end(4));
[INFO] [stdout] ...   |
[INFO] [stdout] 568 | |         })
[INFO] [stdout] 569 | |     }
[INFO] [stdout]     | |_____- in this macro invocation
[INFO] [stdout]     |
[INFO] [stdout]     = note: this error originates in a macro (in Nightly builds, run with -Z macro-backtrace for more info)
[INFO] [stdout] 
[INFO] [stdout] 
[INFO] [stdout] error[E0425]: cannot find function `run_module_test` in this scope
[INFO] [stdout]    --> tests/hir.rs:591:5
[INFO] [stdout]     |
[INFO] [stdout] 591 |     run_module_test(create_vm_with_std(), builder.build().unwrap(), check).unwrap();
[INFO] [stdout]     |     ^^^^^^^^^^^^^^^ not found in this scope
[INFO] [stdout] 
[INFO] [stdout] 
[INFO] [stdout] error[E0425]: cannot find function `run_module_test` in this scope
[INFO] [stdout]    --> tests/hir.rs:615:5
[INFO] [stdout]     |
[INFO] [stdout] 615 |     run_module_test(create_vm_with_std(), builder.build().unwrap(), check).unwrap();
[INFO] [stdout]     |     ^^^^^^^^^^^^^^^ not found in this scope
[INFO] [stdout] 
[INFO] [stdout] 
[INFO] [stdout] error[E0425]: cannot find function `run_module_test` in this scope
[INFO] [stdout]    --> tests/hir.rs:636:5
[INFO] [stdout]     |
[INFO] [stdout] 636 |     run_module_test(create_vm_with_std(), builder.build().unwrap(), check).unwrap();
[INFO] [stdout]     |     ^^^^^^^^^^^^^^^ not found in this scope
[INFO] [stdout] 
[INFO] [stdout] 
[INFO] [stdout] error[E0425]: cannot find function `run_module_test` in this scope
[INFO] [stdout]    --> tests/hir.rs:658:5
[INFO] [stdout]     |
[INFO] [stdout] 658 |     run_module_test(create_vm_with_std(), builder.build().unwrap(), check).unwrap();
[INFO] [stdout]     |     ^^^^^^^^^^^^^^^ not found in this scope
[INFO] [stdout] 
[INFO] [stdout] 
[INFO] [stdout] error[E0425]: cannot find function `run_module_test` in this scope
[INFO] [stdout]    --> tests/hir.rs:681:5
[INFO] [stdout]     |
[INFO] [stdout] 681 |     run_module_test(create_vm_with_std(), builder.build().unwrap(), check).unwrap();
[INFO] [stdout]     |     ^^^^^^^^^^^^^^^ not found in this scope
[INFO] [stdout] 
[INFO] [stdout] 
[INFO] [stdout] error: aborting due to 5 previous errors
[INFO] [stdout] 
[INFO] [stdout] 
[INFO] [stdout] Some errors have detailed explanations: E0425, E0432.
[INFO] [stdout] 
[INFO] [stdout] For more information about an error, try `rustc --explain E0425`.
[INFO] [stdout] 
[INFO] [stdout] error[E0425]: cannot find function `run_module_test` in this scope
[INFO] [stdout]   --> tests/context.rs:23:13
[INFO] [stdout]    |
[INFO] [stdout] 23 |     assert!(run_module_test(vm, module, |_ctx| ()).is_err());
[INFO] [stdout]    |             ^^^^^^^^^^^^^^^ not found in this scope
[INFO] [stdout] 
[INFO] [stdout] 
[INFO] [stdout] error[E0425]: cannot find function `run_module_test` in this scope
[INFO] [stdout]   --> tests/context.rs:46:5
[INFO] [stdout]    |
[INFO] [stdout] 46 |     run_module_test(vm, module, |_ctx| ()).unwrap();
[INFO] [stdout]    |     ^^^^^^^^^^^^^^^ not found in this scope
[INFO] [stdout] 
[INFO] [stdout] 
[INFO] [stdout] error[E0425]: cannot find function `run_module_test` in this scope
[INFO] [stdout]   --> tests/hir.rs:25:9
[INFO] [stdout]    |
[INFO] [stdout] 25 |           run_module_test(create_vm_with_std(), builder.build().unwrap(), $ensure).unwrap();
[INFO] [stdout]    |           ^^^^^^^^^^^^^^^ not found in this scope
[INFO] [stdout] ...
[INFO] [stdout] 32 | /     define_test! {
[INFO] [stdout] 33 | |         main {
[INFO] [stdout] 34 | |             Assign::local(&n, 4);
[INFO] [stdout] 35 | |         }
[INFO] [stdout] ...  |
[INFO] [stdout] 40 | |         })
[INFO] [stdout] 41 | |     }
[INFO] [stdout]    | |_____- in this macro invocation
[INFO] [stdout]    |
[INFO] [stdout]    = note: this error originates in a macro (in Nightly builds, run with -Z macro-backtrace for more info)
[INFO] [stdout] 
[INFO] [stdout] 
[INFO] [stdout] error[E0425]: cannot find function `run_module_test` in this scope
[INFO] [stdout]   --> tests/hir.rs:25:9
[INFO] [stdout]    |
[INFO] [stdout] 25 |           run_module_test(create_vm_with_std(), builder.build().unwrap(), $ensure).unwrap();
[INFO] [stdout]    |           ^^^^^^^^^^^^^^^ not found in this scope
[INFO] [stdout] ...
[INFO] [stdout] 47 | /     define_test! {
[INFO] [stdout] 48 | |         main {
[INFO] [stdout] 49 | |             Assign::local(n, 2);
[INFO] [stdout] 50 | |             Assign::local(n, Expr::add(n, 2));
[INFO] [stdout] ...  |
[INFO] [stdout] 56 | |         })
[INFO] [stdout] 57 | |     }
[INFO] [stdout]    | |_____- in this macro invocation
[INFO] [stdout]    |
[INFO] [stdout]    = note: this error originates in a macro (in Nightly builds, run with -Z macro-backtrace for more info)
[INFO] [stdout] 
[INFO] [stdout] 
[INFO] [stdout] error[E0425]: cannot find function `run_module_test` in this scope
[INFO] [stdout]   --> tests/hir.rs:25:9
[INFO] [stdout]    |
[INFO] [stdout] 25 |           run_module_test(create_vm_with_std(), builder.build().unwrap(), $ensure).unwrap();
[INFO] [stdout]    |           ^^^^^^^^^^^^^^^ not found in this scope
[INFO] [stdout] ...
[INFO] [stdout] 63 | /     define_test! {
[INFO] [stdout] 64 | |         main {
[INFO] [stdout] 65 | |             Assign::local(a, 0);
[INFO] [stdout] 66 | |             Assign::global(b, 1);
[INFO] [stdout] ...  |
[INFO] [stdout] 76 | |         })
[INFO] [stdout] 77 | |     }
[INFO] [stdout]    | |_____- in this macro invocation
[INFO] [stdout]    |
[INFO] [stdout]    = note: this error originates in a macro (in Nightly builds, run with -Z macro-backtrace for more info)
[INFO] [stdout] 
[INFO] [stdout] 
[INFO] [stdout] error[E0425]: cannot find function `run_module_test` in this scope
[INFO] [stdout]   --> tests/hir.rs:25:9
[INFO] [stdout]    |
[INFO] [stdout] 25 |           run_module_test(create_vm_with_std(), builder.build().unwrap(), $ensure).unwrap();
[INFO] [stdout]    |           ^^^^^^^^^^^^^^^ not found in this scope
[INFO] [stdout] ...
[INFO] [stdout] 83 | /     define_test! {
[INFO] [stdout] 84 | |         main {
[INFO] [stdout] 85 | |             Assign::local(rest, Expr::rem(1, 2));
[INFO] [stdout] 86 | |         }
[INFO] [stdout] ...  |
[INFO] [stdout] 91 | |         })
[INFO] [stdout] 92 | |     }
[INFO] [stdout]    | |_____- in this macro invocation
[INFO] [stdout]    |
[INFO] [stdout]    = note: this error originates in a macro (in Nightly builds, run with -Z macro-backtrace for more info)
[INFO] [stdout] 
[INFO] [stdout] 
[INFO] [stdout] error[E0425]: cannot find function `run_module_test` in this scope
[INFO] [stdout]    --> tests/hir.rs:25:9
[INFO] [stdout]     |
[INFO] [stdout] 25  |           run_module_test(create_vm_with_std(), builder.build().unwrap(), $ensure).unwrap();
[INFO] [stdout]     |           ^^^^^^^^^^^^^^^ not found in this scope
[INFO] [stdout] ...
[INFO] [stdout] 98  | /     define_test! {
[INFO] [stdout] 99  | |         main {
[INFO] [stdout] 100 | |             Assign::local(&n, 0);
[INFO] [stdout] 101 | |             Repeat::until(Expr::eq(&n, 10))
[INFO] [stdout] ...   |
[INFO] [stdout] 109 | |         })
[INFO] [stdout] 110 | |     }
[INFO] [stdout]     | |_____- in this macro invocation
[INFO] [stdout]     |
[INFO] [stdout]     = note: this error originates in a macro (in Nightly builds, run with -Z macro-backtrace for more info)
[INFO] [stdout] 
[INFO] [stdout] 
[INFO] [stdout] error[E0425]: cannot find function `run_module_test` in this scope
[INFO] [stdout]    --> tests/hir.rs:25:9
[INFO] [stdout]     |
[INFO] [stdout] 25  |           run_module_test(create_vm_with_std(), builder.build().unwrap(), $ensure).unwrap();
[INFO] [stdout]     |           ^^^^^^^^^^^^^^^ not found in this scope
[INFO] [stdout] ...
[INFO] [stdout] 116 | /     define_test! {
[INFO] [stdout] 117 | |         main {
[INFO] [stdout] 118 | |             Assign::local(&n, 0);
[INFO] [stdout] 119 | |             Repeat::endless()
[INFO] [stdout] ...   |
[INFO] [stdout] 127 | |         })
[INFO] [stdout] 128 | |     }
[INFO] [stdout]     | |_____- in this macro invocation
[INFO] [stdout]     |
[INFO] [stdout]     = note: this error originates in a macro (in Nightly builds, run with -Z macro-backtrace for more info)
[INFO] [stdout] 
[INFO] [stdout] 
[INFO] [stdout] error[E0425]: cannot find function `run_module_test` in this scope
[INFO] [stdout]    --> tests/hir.rs:25:9
[INFO] [stdout]     |
[INFO] [stdout] 25  |           run_module_test(create_vm_with_std(), builder.build().unwrap(), $ensure).unwrap();
[INFO] [stdout]     |           ^^^^^^^^^^^^^^^ not found in this scope
[INFO] [stdout] ...
[INFO] [stdout] 134 | /     define_test! {
[INFO] [stdout] 135 | |         main {
[INFO] [stdout] 136 | |             Assign::local(&dict, lv2_dict!(0 => 6, 1 => 7));
[INFO] [stdout] 137 | |             Assign::local(&dat0, lv2_access!(dict, 1));
[INFO] [stdout] ...   |
[INFO] [stdout] 146 | |         })
[INFO] [stdout] 147 | |     }
[INFO] [stdout]     | |_____- in this macro invocation
[INFO] [stdout]     |
[INFO] [stdout]     = note: this error originates in a macro (in Nightly builds, run with -Z macro-backtrace for more info)
[INFO] [stdout] 
[INFO] [stdout] 
[INFO] [stdout] error[E0425]: cannot find function `run_module_test` in this scope
[INFO] [stdout]    --> tests/hir.rs:25:9
[INFO] [stdout]     |
[INFO] [stdout] 25  |           run_module_test(create_vm_with_std(), builder.build().unwrap(), $ensure).unwrap();
[INFO] [stdout]     |           ^^^^^^^^^^^^^^^ not found in this scope
[INFO] [stdout] ...
[INFO] [stdout] 153 | /     define_test! {
[INFO] [stdout] 154 | |         main {
[INFO] [stdout] 155 | |             Assign::local(&list, lv2_list!("a", 10, 20., true));
[INFO] [stdout] 156 | |             Assign::set(&lv2_access!(list, 1), 7);
[INFO] [stdout] ...   |
[INFO] [stdout] 163 | |         })
[INFO] [stdout] 164 | |     }
[INFO] [stdout]     | |_____- in this macro invocation
[INFO] [stdout]     |
[INFO] [stdout]     = note: this error originates in a macro (in Nightly builds, run with -Z macro-backtrace for more info)
[INFO] [stdout] 
[INFO] [stdout] 
[INFO] [stdout] error[E0425]: cannot find function `run_module_test` in this scope
[INFO] [stdout]    --> tests/hir.rs:25:9
[INFO] [stdout]     |
[INFO] [stdout] 25  |           run_module_test(create_vm_with_std(), builder.build().unwrap(), $ensure).unwrap();
[INFO] [stdout]     |           ^^^^^^^^^^^^^^^ not found in this scope
[INFO] [stdout] ...
[INFO] [stdout] 170 | /     define_test! {
[INFO] [stdout] 171 | |         main {
[INFO] [stdout] 172 | |             Assign::local(&dict, lv2_dict!(0 => 6, 1 => 7));
[INFO] [stdout] 173 | |             Assign::local(&ls, lv2_list!(1, 2, 3));
[INFO] [stdout] ...   |
[INFO] [stdout] 182 | |         })
[INFO] [stdout] 183 | |     }
[INFO] [stdout]     | |_____- in this macro invocation
[INFO] [stdout]     |
[INFO] [stdout]     = note: this error originates in a macro (in Nightly builds, run with -Z macro-backtrace for more info)
[INFO] [stdout] 
[INFO] [stdout] 
[INFO] [stdout] error[E0425]: cannot find function `run_module_test` in this scope
[INFO] [stdout]    --> tests/hir.rs:25:9
[INFO] [stdout]     |
[INFO] [stdout] 25  |           run_module_test(create_vm_with_std(), builder.build().unwrap(), $ensure).unwrap();
[INFO] [stdout]     |           ^^^^^^^^^^^^^^^ not found in this scope
[INFO] [stdout] ...
[INFO] [stdout] 189 | /     define_test! {
[INFO] [stdout] 190 | |         main {
[INFO] [stdout] 191 | |             Assign::local(&n, Conv::to_integer(5.));
[INFO] [stdout] 192 | |         }
[INFO] [stdout] ...   |
[INFO] [stdout] 197 | |         })
[INFO] [stdout] 198 | |     }
[INFO] [stdout]     | |_____- in this macro invocation
[INFO] [stdout]     |
[INFO] [stdout]     = note: this error originates in a macro (in Nightly builds, run with -Z macro-backtrace for more info)
[INFO] [stdout] 
[INFO] [stdout] 
[INFO] [stdout] error[E0425]: cannot find function `run_module_test` in this scope
[INFO] [stdout]    --> tests/hir.rs:219:5
[INFO] [stdout]     |
[INFO] [stdout] 219 |     run_module_test(create_vm_with_std(), builder.build().unwrap(), move |ctx| {
[INFO] [stdout]     |     ^^^^^^^^^^^^^^^ not found in this scope
[INFO] [stdout] 
[INFO] [stdout] 
[INFO] [stdout] error[E0425]: cannot find function `run_module_test` in this scope
[INFO] [stdout]    --> tests/hir.rs:247:5
[INFO] [stdout]     |
[INFO] [stdout] 247 |     run_module_test(create_vm_with_std(), builder.build().unwrap(), |ctx| {
[INFO] [stdout]     |     ^^^^^^^^^^^^^^^ not found in this scope
[INFO] [stdout] 
[INFO] [stdout] 
[INFO] [stdout] error[E0425]: cannot find function `run_module_test` in this scope
[INFO] [stdout]    --> tests/hir.rs:265:5
[INFO] [stdout]     |
[INFO] [stdout] 265 |     run_module_test(create_vm_with_std(), builder.build().unwrap(), move |ctx| {
[INFO] [stdout]     |     ^^^^^^^^^^^^^^^ not found in this scope
[INFO] [stdout] 
[INFO] [stdout] 
[INFO] [stdout] error[E0425]: cannot find function `run_module_test` in this scope
[INFO] [stdout]    --> tests/hir.rs:300:5
[INFO] [stdout]     |
[INFO] [stdout] 300 |     run_module_test(create_vm_with_std(), builder.build().unwrap(), move |ctx| {
[INFO] [stdout]     |     ^^^^^^^^^^^^^^^ not found in this scope
[INFO] [stdout] 
[INFO] [stdout] 
[INFO] [stdout] error[E0425]: cannot find function `run_module_test` in this scope
[INFO] [stdout]    --> tests/hir.rs:318:5
[INFO] [stdout]     |
[INFO] [stdout] 318 |     run_module_test(create_vm_with_std(), builder.build().unwrap(), |ctx| {
[INFO] [stdout]     |     ^^^^^^^^^^^^^^^ not found in this scope
[INFO] [stdout] 
[INFO] [stdout] 
[INFO] [stdout] error[E0425]: cannot find function `run_module_test` in this scope
[INFO] [stdout]    --> tests/hir.rs:336:5
[INFO] [stdout]     |
[INFO] [stdout] 336 |     run_module_test(create_vm_with_std(), builder.build().unwrap(), move |ctx| {
[INFO] [stdout]     |     ^^^^^^^^^^^^^^^ not found in this scope
[INFO] [stdout] 
[INFO] [stdout] 
[INFO] [stdout] error[E0425]: cannot find function `run_module_test` in this scope
[INFO] [stdout]    --> tests/hir.rs:363:5
[INFO] [stdout]     |
[INFO] [stdout] 363 |     run_module_test(create_vm_with_std(), builder.build().unwrap(), move |ctx| {
[INFO] [stdout]     |     ^^^^^^^^^^^^^^^ not found in this scope
[INFO] [stdout] 
[INFO] [stdout] 
[INFO] [stdout] error[E0425]: cannot find function `run_module_test` in this scope
[INFO] [stdout]    --> tests/hir.rs:25:9
[INFO] [stdout]     |
[INFO] [stdout] 25  |           run_module_test(create_vm_with_std(), builder.build().unwrap(), $ensure).unwrap();
[INFO] [stdout]     |           ^^^^^^^^^^^^^^^ not found in this scope
[INFO] [stdout] ...
[INFO] [stdout] 375 | /     define_test! {
[INFO] [stdout] 376 | |         main {
[INFO] [stdout] 377 | |             Assign::local(&d1, lv2_dict!("x" => 37));
[INFO] [stdout] 378 | |             Assign::local(&d2, lv2_dict!("x" => lv2_dict!("y" => 42)));
[INFO] [stdout] ...   |
[INFO] [stdout] 390 | |         })
[INFO] [stdout] 391 | |     }
[INFO] [stdout]     | |_____- in this macro invocation
[INFO] [stdout]     |
[INFO] [stdout]     = note: this error originates in a macro (in Nightly builds, run with -Z macro-backtrace for more info)
[INFO] [stdout] 
[INFO] [stdout] 
[INFO] [stdout] error[E0425]: cannot find function `run_module_test` in this scope
[INFO] [stdout]    --> tests/hir.rs:25:9
[INFO] [stdout]     |
[INFO] [stdout] 25  |           run_module_test(create_vm_with_std(), builder.build().unwrap(), $ensure).unwrap();
[INFO] [stdout]     |           ^^^^^^^^^^^^^^^ not found in this scope
[INFO] [stdout] ...
[INFO] [stdout] 397 | /     define_test! {
[INFO] [stdout] 398 | |         main {
[INFO] [stdout] 399 | |             Assign::local(&d1, lv2_dict!());
[INFO] [stdout] 400 | |             Assign::local(&d2, lv2_dict!("x" => lv2_dict!()));
[INFO] [stdout] ...   |
[INFO] [stdout] 430 | |         })
[INFO] [stdout] 431 | |     }
[INFO] [stdout]     | |_____- in this macro invocation
[INFO] [stdout]     |
[INFO] [stdout]     = note: this error originates in a macro (in Nightly builds, run with -Z macro-backtrace for more info)
[INFO] [stdout] 
[INFO] [stdout] 
[INFO] [stdout] error[E0425]: cannot find function `run_module_test` in this scope
[INFO] [stdout]    --> tests/hir.rs:454:5
[INFO] [stdout]     |
[INFO] [stdout] 454 |     run_module_test(create_vm_with_std(), module, |ctx| {
[INFO] [stdout]     |     ^^^^^^^^^^^^^^^ not found in this scope
[INFO] [stdout] 
[INFO] [stdout] 
[INFO] [stdout] error[E0425]: cannot find function `run_module_test` in this scope
[INFO] [stdout]    --> tests/hir.rs:25:9
[INFO] [stdout]     |
[INFO] [stdout] 25  |           run_module_test(create_vm_with_std(), builder.build().unwrap(), $ensure).unwrap();
[INFO] [stdout]     |           ^^^^^^^^^^^^^^^ not found in this scope
[INFO] [stdout] ...
[INFO] [stdout] 464 | /     define_test! {
[INFO] [stdout] 465 | |         main {
[INFO] [stdout] 466 | |             Assign::local(&lt, Expr::lt(2, 3));
[INFO] [stdout] 467 | |             Assign::local(&le1, Expr::le(2, 3));
[INFO] [stdout] ...   |
[INFO] [stdout] 482 | |         })
[INFO] [stdout] 483 | |     }
[INFO] [stdout]     | |_____- in this macro invocation
[INFO] [stdout]     |
[INFO] [stdout]     = note: this error originates in a macro (in Nightly builds, run with -Z macro-backtrace for more info)
[INFO] [stdout] 
[INFO] [stdout] 
[INFO] [stdout] error[E0425]: cannot find function `run_module_test` in this scope
[INFO] [stdout]    --> tests/hir.rs:25:9
[INFO] [stdout]     |
[INFO] [stdout] 25  |           run_module_test(create_vm_with_std(), builder.build().unwrap(), $ensure).unwrap();
[INFO] [stdout]     |           ^^^^^^^^^^^^^^^ not found in this scope
[INFO] [stdout] ...
[INFO] [stdout] 489 | /     define_test! {
[INFO] [stdout] 490 | |         main {
[INFO] [stdout] 491 | |             Assign::local(&a, Expr::pow(2, 3));
[INFO] [stdout] 492 | |             Assign::local(&b, Expr::pow(3., 3.));
[INFO] [stdout] ...   |
[INFO] [stdout] 499 | |         })
[INFO] [stdout] 500 | |     }
[INFO] [stdout]     | |_____- in this macro invocation
[INFO] [stdout]     |
[INFO] [stdout]     = note: this error originates in a macro (in Nightly builds, run with -Z macro-backtrace for more info)
[INFO] [stdout] 
[INFO] [stdout] 
[INFO] [stdout] error[E0425]: cannot find function `run_module_test` in this scope
[INFO] [stdout]    --> tests/hir.rs:25:9
[INFO] [stdout]     |
[INFO] [stdout] 25  |           run_module_test(create_vm_with_std(), builder.build().unwrap(), $ensure).unwrap();
[INFO] [stdout]     |           ^^^^^^^^^^^^^^^ not found in this scope
[INFO] [stdout] ...
[INFO] [stdout] 506 | /     define_test! {
[INFO] [stdout] 507 | |         main {
[INFO] [stdout] 508 | |             Assign::local(&n, 2);
[INFO] [stdout] 509 | |             Assign::local(&ae, lv2_list!(1, 2, 3));
[INFO] [stdout] ...   |
[INFO] [stdout] 523 | |         })
[INFO] [stdout] 524 | |     }
[INFO] [stdout]     | |_____- in this macro invocation
[INFO] [stdout]     |
[INFO] [stdout]     = note: this error originates in a macro (in Nightly builds, run with -Z macro-backtrace for more info)
[INFO] [stdout] 
[INFO] [stdout] 
[INFO] [stdout] error[E0425]: cannot find function `run_module_test` in this scope
[INFO] [stdout]    --> tests/hir.rs:25:9
[INFO] [stdout]     |
[INFO] [stdout] 25  |           run_module_test(create_vm_with_std(), builder.build().unwrap(), $ensure).unwrap();
[INFO] [stdout]     |           ^^^^^^^^^^^^^^^ not found in this scope
[INFO] [stdout] ...
[INFO] [stdout] 530 | /     define_test! {
[INFO] [stdout] 531 | |         main {
[INFO] [stdout] 532 | |             Assign::local(&n, 2);
[INFO] [stdout] 533 | |             Assign::local(&x, Expr::from(5).boxed());
[INFO] [stdout] ...   |
[INFO] [stdout] 542 | |         })
[INFO] [stdout] 543 | |     }
[INFO] [stdout]     | |_____- in this macro invocation
[INFO] [stdout]     |
[INFO] [stdout]     = note: this error originates in a macro (in Nightly builds, run with -Z macro-backtrace for more info)
[INFO] [stdout] 
[INFO] [stdout] 
[INFO] [stdout] error[E0425]: cannot find function `run_module_test` in this scope
[INFO] [stdout]    --> tests/hir.rs:25:9
[INFO] [stdout]     |
[INFO] [stdout] 25  |           run_module_test(create_vm_with_std(), builder.build().unwrap(), $ensure).unwrap();
[INFO] [stdout]     |           ^^^^^^^^^^^^^^^ not found in this scope
[INFO] [stdout] ...
[INFO] [stdout] 549 | /     define_test! {
[INFO] [stdout] 550 | |         main {
[INFO] [stdout] 551 | |             Assign::local(&ls, lv2_list!(1, 2, 3, 4, 5));
[INFO] [stdout] 552 | |             Assign::local(&s, Slice::new(&ls).start(1).end(4));
[INFO] [stdout] ...   |
[INFO] [stdout] 568 | |         })
[INFO] [stdout] 569 | |     }
[INFO] [stdout]     | |_____- in this macro invocation
[INFO] [stdout]     |
[INFO] [stdout]     = note: this error originates in a macro (in Nightly builds, run with -Z macro-backtrace for more info)
[INFO] [stdout] 
[INFO] [stdout] 
[INFO] [stdout] error[E0425]: cannot find function `run_module_test` in this scope
[INFO] [stdout]    --> tests/hir.rs:591:5
[INFO] [stdout]     |
[INFO] [stdout] 591 |     run_module_test(create_vm_with_std(), builder.build().unwrap(), check).unwrap();
[INFO] [stdout]     |     ^^^^^^^^^^^^^^^ not found in this scope
[INFO] [stdout] 
[INFO] [stdout] 
[INFO] [stdout] error[E0425]: cannot find function `run_module_test` in this scope
[INFO] [stdout]    --> tests/hir.rs:615:5
[INFO] [stdout]     |
[INFO] [stdout] 615 |     run_module_test(create_vm_with_std(), builder.build().unwrap(), check).unwrap();
[INFO] [stdout]     |     ^^^^^^^^^^^^^^^ not found in this scope
[INFO] [stdout] 
[INFO] [stdout] 
[INFO] [stdout] error[E0425]: cannot find function `run_module_test` in this scope
[INFO] [stdout]    --> tests/hir.rs:636:5
[INFO] [stdout]     |
[INFO] [stdout] 636 |     run_module_test(create_vm_with_std(), builder.build().unwrap(), check).unwrap();
[INFO] [stdout]     |     ^^^^^^^^^^^^^^^ not found in this scope
[INFO] [stdout] 
[INFO] [stdout] 
[INFO] [stdout] error[E0425]: cannot find function `run_module_test` in this scope
[INFO] [stdout]    --> tests/hir.rs:658:5
[INFO] [stdout]     |
[INFO] [stdout] 658 |     run_module_test(create_vm_with_std(), builder.build().unwrap(), check).unwrap();
[INFO] [stdout]     |     ^^^^^^^^^^^^^^^ not found in this scope
[INFO] [stdout] 
[INFO] [stdout] 
[INFO] [stdout] error[E0425]: cannot find function `run_module_test` in this scope
[INFO] [stdout]    --> tests/hir.rs:681:5
[INFO] [stdout]     |
[INFO] [stdout] 681 |     run_module_test(create_vm_with_std(), builder.build().unwrap(), check).unwrap();
[INFO] [stdout]     |     ^^^^^^^^^^^^^^^ not found in this scope
[INFO] [stdout] 
[INFO] [stdout] 
[INFO] [stdout] error[E0425]: cannot find function `run_module_test` in this scope
[INFO] [stdout]   --> tests/vm.rs:20:13
[INFO] [stdout]    |
[INFO] [stdout] 20 |     assert!(run_module_test(vm, module, |_| ()).is_err());
[INFO] [stdout]    |             ^^^^^^^^^^^^^^^ not found in this scope
[INFO] [stdout] 
[INFO] [stdout] 
[INFO] [stdout] error[E0425]: cannot find function `run_module_test` in this scope
[INFO] [stdout]   --> tests/vm.rs:46:5
[INFO] [stdout]    |
[INFO] [stdout] 46 |     run_module_test(vm, module, |ctx| {
[INFO] [stdout]    |     ^^^^^^^^^^^^^^^ not found in this scope
[INFO] [stdout] 
[INFO] [stdout] 
[INFO] [stdout] error[E0425]: cannot find function `run_module_test` in this scope
[INFO] [stdout]   --> tests/vm.rs:76:5
[INFO] [stdout]    |
[INFO] [stdout] 76 |     run_module_test(vm, module, |ctx| {
[INFO] [stdout]    |     ^^^^^^^^^^^^^^^ not found in this scope
[INFO] [stdout] 
[INFO] [stdout] 
[INFO] [stdout] error[E0425]: cannot find function `run_module_test` in this scope
[INFO] [stdout]    --> tests/vm.rs:115:5
[INFO] [stdout]     |
[INFO] [stdout] 115 |     run_module_test(vm, module, |ctx| {
[INFO] [stdout]     |     ^^^^^^^^^^^^^^^ not found in this scope
[INFO] [stdout] 
[INFO] [stdout] 
[INFO] [stdout] error: aborting due to 31 previous errors
[INFO] [stdout] 
[INFO] [stdout] 
[INFO] [stdout] Some errors have detailed explanations: E0425, E0432.
[INFO] [stdout] 
[INFO] [stdout] For more information about an error, try `rustc --explain E0425`.
[INFO] [stdout] 
[INFO] [stdout] error: aborting due to 39 previous errors
[INFO] [stdout] 
[INFO] [stdout] 
[INFO] [stdout] Some errors have detailed explanations: E0425, E0432.
[INFO] [stdout] 
[INFO] [stdout] For more information about an error, try `rustc --explain E0425`.
[INFO] [stdout] 
[INFO] [stderr] error: build failed
[INFO] running `Command { std: "docker" "inspect" "1ec17a78076d81af2d0312a61372436f952d88af1f8744b78ca5ef259a476613", kill_on_drop: false }`
[INFO] running `Command { std: "docker" "rm" "-f" "1ec17a78076d81af2d0312a61372436f952d88af1f8744b78ca5ef259a476613", kill_on_drop: false }`
[INFO] [stdout] 1ec17a78076d81af2d0312a61372436f952d88af1f8744b78ca5ef259a476613
